{"id":1593,"date":"2019-11-21T12:53:52","date_gmt":"2019-11-21T12:53:52","guid":{"rendered":"http:\/\/artvital.com\/?page_id=1593"},"modified":"2024-07-05T06:29:13","modified_gmt":"2024-07-05T06:29:13","slug":"programlar","status":"publish","type":"page","link":"https:\/\/artvital.com\/?page_id=1593","title":{"rendered":"PROGRAMLAR"},"content":{"rendered":"<div class=\"fusion-fullwidth fullwidth-box fusion-builder-row-1 nonhundred-percent-fullwidth non-hundred-percent-height-scrolling\" style=\"--awb-border-radius-top-left:0px;--awb-border-radius-top-right:0px;--awb-border-radius-bottom-right:0px;--awb-border-radius-bottom-left:0px;--awb-flex-wrap:wrap;\" ><div class=\"fusion-builder-row fusion-row\"><div class=\"fusion-layout-column fusion_builder_column fusion-builder-column-0 fusion_builder_column_1_1 1_1 fusion-one-full fusion-column-first fusion-column-last\" style=\"--awb-bg-size:cover;--awb-margin-top:100px;--awb-margin-bottom:0px;\"><div class=\"fusion-column-wrapper fusion-flex-column-wrapper-legacy\"><div class=\"fusion-text fusion-text-1\"><h2 style=\"font-family: ABeeZee; font-weight: 400; font-size: 20px; --fontSize: 20; line-height: 1.1; --minFontSize: 20;\" data-fontsize=\"20\" data-lineheight=\"22px\" data-fusion-font=\"true\" data-fusion-google-font=\"ABeeZee\" data-fusion-google-variant=\"400\" data-fusion-google-subset=\"latin\" data-inline-fontsize=\"20px\" class=\"fusion-responsive-typography-calculated\"> <\/h2>\n<\/p>\n<h2 style=\"font-family: ABeeZee; font-weight: 400; --fontSize: 20; line-height: 1.1; --minFontSize: 20;\" data-fontsize=\"20\" data-lineheight=\"22px\" data-fusion-font=\"true\" data-fusion-google-font=\"ABeeZee\" data-fusion-google-variant=\"400\" data-fusion-google-subset=\"latin\" class=\"fusion-responsive-typography-calculated\">HAFTALIK \u00c7ALI\u015eMA SAATLER\u0130<\/h2>\n<p>Genel program\u0131m\u0131z bu \u015fekildedir ancak  program g\u00fcn ve saatlerinde de\u011fi\u015fiklik olabilir.<\/p>\n<p><strong>L\u00fctfen ileti\u015fim tercihlerini kullanarak bilgi al\u0131n\u0131z.<\/strong><\/p>\n<\/div><div class=\"fusion-clearfix\"><\/div><\/div><\/div><\/div><\/div>\n","protected":false},"excerpt":{"rendered":"","protected":false},"author":1,"featured_media":0,"parent":4,"menu_order":0,"comment_status":"closed","ping_status":"closed","template":"","meta":{"footnotes":""},"class_list":["post-1593","page","type-page","status-publish","hentry"],"_links":{"self":[{"href":"https:\/\/artvital.com\/index.php?rest_route=\/wp\/v2\/pages\/1593","targetHints":{"allow":["GET"]}}],"collection":[{"href":"https:\/\/artvital.com\/index.php?rest_route=\/wp\/v2\/pages"}],"about":[{"href":"https:\/\/artvital.com\/index.php?rest_route=\/wp\/v2\/types\/page"}],"author":[{"embeddable":true,"href":"https:\/\/artvital.com\/index.php?rest_route=\/wp\/v2\/users\/1"}],"replies":[{"embeddable":true,"href":"https:\/\/artvital.com\/index.php?rest_route=%2Fwp%2Fv2%2Fcomments&post=1593"}],"version-history":[{"count":12,"href":"https:\/\/artvital.com\/index.php?rest_route=\/wp\/v2\/pages\/1593\/revisions"}],"predecessor-version":[{"id":1965,"href":"https:\/\/artvital.com\/index.php?rest_route=\/wp\/v2\/pages\/1593\/revisions\/1965"}],"up":[{"embeddable":true,"href":"https:\/\/artvital.com\/index.php?rest_route=\/wp\/v2\/pages\/4"}],"wp:attachment":[{"href":"https:\/\/artvital.com\/index.php?rest_route=%2Fwp%2Fv2%2Fmedia&parent=1593"}],"curies":[{"name":"wp","href":"https:\/\/api.w.org\/{rel}","templated":true}]}}